11321313113
-212135231 (base 6) to base 3
-21001021121101
-215 (base 12) to base 13
-1a6
What is -1010001010111000100 (base 2) in base 8?
-1212704
2101320011 (base 4) to base 6
20450125
What is 16b74 (base 13) in base 10?
43697
What is -60a544 (base 12) in base 2?
-101110000111010000100
Convert 1645545 (base 7) to base 4.
320023020
What is 7ffa (base 16) in base 12?
16b62
1104505 (base 7) to base 14
3783c
What is -15054 (base 13) in base 5?
-2231430
What is 8186881 (base 9) in base 4?
100222130200
What is 2880b6 (base 15) in base 12?
7a1009
4b9cb (base 15) to base 14
641c5
Convert 10011001111101001101 (base 2) to base 9.
1161022
What is b4258 (base 15) in base 11?
35aa28
Convert -1022020211222 (base 3) to base 8.
-2513213
Convert 5231 (base 7) to base 5.
24320
What is 3320860 (base 9) in base 13?
4a67b4
-7401427 (base 8) to base 10
-1966871
What is 2d362 (base 16) in base 12?
8b202
-228258 (base 12) to base 6
-15505352
Convert 100000101010111110011 (base 2) to base 13.
2b63a3
823809 (base 15) to base 7
103412232
-500514225 (base 6) to base 3
-120212202102022
Convert -5332764 (base 8) to base 16.
-15b5f4
Convert 4112754 (base 9) to base 4.
20113200220
Convert 1034505 (base 8) to base 3.
112001201001
Convert 2272251 (base 9) to base 11.
76a055
What is -357101 (base 9) in base 12?
-a4601
What is 1212131230 (base 4) in base 8?
1463554
What is 111000110011101011 (base 2) in base 13?
81ba9
What is -12b3b66 (base 12) in base 11?
-210a917
-52753 (base 12) to base 10
-108207
1101110111011110 (base 2) to base 13
1cb11
-100011000001111101001 (base 2) to base 16
-1183e9
What is 4311302 (base 7) in base 14?
d8d02
What is bb6d6 (base 16) in base 11?
484871
Convert -2211301112 (base 4) to base 10.
-678998
8982 (base 16) to base 3
1210021210
Convert 20323030 (base 5) to base 14.
44d57
What is 1cd8bc2 (base 14) in base 7?
234210532
Convert -cad59 (base 14) to base 10.
-491059
What is 1915c82 (base 14) in base 12?
41b2176
167e9 (base 16) to base 3
11200101111
-12022110 (base 4) to base 8
-61224
Convert -34042134 (base 6) to base 9.
-1842704
Convert 2c7637 (base 15) to base 9.
4037887
What is -2144452 (base 6) in base 4?
-122030300
1367a65 (base 12) to base 15
516c3e
Convert 1a691 (base 12) to base 15.
b844
-239219 (base 14) to base 8
-4507007
Convert 113802 (base 11) to base 13.
642c7
-1100101110000000000111 (base 2) to base 12
-114959b
What is -13205550 (base 7) in base 5?
-302241344
-202021021211110 (base 3) to base 12
-3735b86
What is 12300052 (base 7) in base 9?
2070604
What is -2633550 (base 8) in base 13?
-1c9778
What is -1135000 (base 8) in base 2?
-1001011101000000000
Convert 1245565 (base 7) to base 9.
267371
Convert -75946 (base 13) to base 10.
-212491
322022 (base 10) to base 15
65632
58250 (base 9) to base 4
21132330
What is -118504 (base 10) in base 2?
-11100111011101000
Convert -e77a8c (base 15) to base 8.
-52003060
Convert 2213001231 (base 4) to base 10.
684141
-101122102112 (base 3) to base 2
-110011001001111110
What is -2267429 (base 11) in base 14?
-7522c6
10111100000100110001 (base 2) to base 12
311981
29abf2 (base 16) to base 10
2730994
-89b60 (base 14) to base 5
-41144024
Convert 52db45 (base 14) to base 10.
2803841
10001101111000110001010 (base 2) to base 6
243352442
What is 10210120101 (base 3) in base 12?
37331
What is -873328 (base 9) in base 10?
-520775
Convert 10212010112 (base 3) to base 7.
434213
-135214351 (base 6) to base 9
-5182434
Convert 11c7b1b (base 14) to base 7.
132446234
Convert -594c58 (base 13) to base 2.
-1000000110101001110011
Convert 311226 (base 8) to base 3.
12020101010
What is 244244420 (base 5) in base 8?
4344452
What is -497450 (base 10) in base 7?
-4141202
Convert -55145 (base 11) to base 16.
-1389e
Convert -281666 (base 9) to base 6.
-3403353
What is -98b7 (base 14) in base 2?
-110011100111001
Convert 33230113 (base 4) to base 5.
4024104
Convert -1307a (base 12) to base 6.
-320234
-1b3a5a (base 14) to base 4
-3230332300
What is -5d6f1 (base 16) in base 6?
-12111441
1212021200002 (base 3) to base 10
989741
Convert 154997 (base 11) to base 9.
406247
Convert 112260643 (base 7) to base 9.
13833531
What is -ab5c4 (base 15) in base 13?
-160bca
Convert -550005 (base 11) to base 6.
-30454545
Convert -33424141 (base 6) to base 7.
-11423266
What is -231200 (base 5) in base 9?
-12342
Convert 102200202010 (base 3) to base 16.
38322
55bb4a (base 12) to base 3
2120112012211
Convert -5579c4 (base 15) to base 16.
-3e313a
What is 100021101111012 (base 3) in base 16?
4b338c
What is 7c42d (base 14) in base 2?
1001001111001001001
What is 2121233030 (base 4) in base 6?
21255152
Convert -12023332200 (base 4) to base 6.
-54432520
13a619 (base 11) to base 12
a6906
What is 12200302021 (base 4) in base 5?
414112040
Convert -11110110000110011111 (base 2) to base 8.
-3660637
What is -1225440231 (base 6) in base 4?
-312123001123
What is 97a32c (base 14) in base 16?
4e63f4
What is -504012 (base 8) in base 5?
-20302043
314a1 (base 13) to base 11
606a5
What is -205005100 (base 6) in base 11?
-2034a45
Convert 3560317 (base 10) to base 6.
204150541
What is -99402 (base 10) in base 9?
-161316
-26 (base 12) to base 8
-36
-11100011111110011111 (base 2) to base 6
-32003035
Convert 1221120311 (base 4) to base 3.
210221010202
1052517 (base 13) to base 3
100100202020120
What is 523811 (base 9) in base 10?
311212
6bc169 (base 14) to base 10
3682737
Convert 3421042130 (base 5) to base 7.
121366230
5311131 (base 7) to base 6
21425453
3034012130 (base 5) to base 8
27371555
-251847 (base 9) to base 15
-301ed
65833 (base 12) to base 9
224133
Convert -7604360 (base 9) to base 5.
-2020440334
-13233133232 (base 4) to base 11
-1166916
415104 (base 6) to base 8
101360
What is 355342 (base 7) in base 4?
33230332
5a14a (base 12) to base 5
12334122
33244555 (base 6) to base 13
290b76
Convert -2013110333 (base 4) to base 15.
-ae388
Convert -44855 (base 12) to base 2.
-10110001111000001
What is -133151444 (base 6) in base 12?
-a8b584
61579 (base 10) to base 7
344350
What is 4287 (base 16) in base 11?
11883
What is 111220111201220 (base 3) in base 7?
116552340
Convert -607182 (base 16) to base 7.
-104503104
Convert 828d6 (base 16) to base 12.
21955a
Convert -49102 (base 10) to base 5.
-3032402
Convert 36180 (base 9) to base 16.
5e92
What is -1cab6 (base 16) in base 4?
-130222312
Convert -1255332505 (base 6) to base 14.
-2010129
-1984244 (base 10) to base 14
-39919a
Convert -10a434 (base 11) to base 9.
-285803
Convert -56856 (base 11) to base 13.
-2b568
Convert 3161321 (base 7) to base 9.
645585
Convert 12112112011000 (base 3) to base 13.
7c078b
Convert -1123034312 (base 5) to base 15.
-355557
-110000111010011010010 (base 2) to base 14
-2da158
21204630 (base 7) to base 8
6673544
Convert 12022012222120 (base 3) to base 13.
779187
Convert 3214708 (base 9) to base 4.
12210201221
Convert -9a4140 (base 11) to base 13.
-440b65
Convert 10001111110010001111110 (base 2) to base 4.
101332101332
2014204221 (base 5) to base 2
1111011101101010110110
What is 18a211 (base 13) in base 10?
622103
-10111000110011010001110 (base 2) to base 13
-134039a
Convert 211010001220100 (base 3) to base 16.
b352c9
Convert -505400132 (base 6) to base 4.
-201002313320
What is -233421454 (base 6) in base 5?
-2104414343
-74104 (base 8) to base 10
-30788
342433 (base 8) to base 16
1c51b
Convert 62346 (base 11) to base 16.
16329
What is -1161332 (base 7) in base 3?
-21120220102
What is -2300011131 (base 4) in base 7?
-6062520
Convert -1011011101011011101 (base 2) to base 6.
-12014301
1100110001000010101011 (base 2) to base 11
1986397
-120201102100 (base 3) to base 6
-10344230
-100111122002 (base 3) to base 6
-4002045
What is -100011111101111000101 (base 2) in base 9?
-2185616
5330b (base 15) to base 14
6c288
Convert -243101143 (base 5) to base 8.
-4272163
What is 10000010000101000 (base 2) in base 15?
14b00
221527 (base 9) to base 11
90505
What is 3142044 (base 6) in base 9?
253361
What is 111201113 (base 4) in base 12?
4301b
162a7 (base 16) to base 10
90791
Convert -1493a4 (base 11) to base 15.
-48b66
-200220210110 (base 3) to base 9
-626713
What is -1022112 (base 6) in base 14?
-1419a
Convert -1552b (base 14) to base 3.
-2200220201
Convert -121131 (base 10) to base 3.
-20011011100
-1908b (base 14) 